{"id":276,"date":"2018-11-10T15:34:55","date_gmt":"2018-11-10T15:34:55","guid":{"rendered":"http:\/\/ferienhaus-eiderdeich.com\/?page_id=276"},"modified":"2018-11-10T20:01:27","modified_gmt":"2018-11-10T20:01:27","slug":"grachten-tretboot-fahren","status":"publish","type":"page","link":"http:\/\/ferienhaus-eiderdeich.com\/?page_id=276","title":{"rendered":"Grachtenfahrt \/ Boot fahren"},"content":{"rendered":"<h3><em><strong><img fetchpriority=\"high\" decoding=\"async\" class=\"size-medium wp-image-280 alignright\" src=\"http:\/\/ferienhaus-eiderdeich.com\/wp-content\/uploads\/2018\/11\/Grachtenfahrt-300x225.jpg\" alt=\"\" width=\"300\" height=\"225\" srcset=\"http:\/\/ferienhaus-eiderdeich.com\/wp-content\/uploads\/2018\/11\/Grachtenfahrt-300x225.jpg 300w, http:\/\/ferienhaus-eiderdeich.com\/wp-content\/uploads\/2018\/11\/Grachtenfahrt.jpg 639w\" sizes=\"(max-width: 300px) 100vw, 300px\" \/>Grachtenfahrten<\/strong><\/em><\/h3>\n<p>Im Nahen Friedrichstadt werden Rundfahrten mit sachkundiger und humorvoller F\u00fchrung durch alle Grachten (Kan\u00e4le) der Stadt, beide H\u00e4fen, ein St\u00fcck die Treene sowie jahreszeit- und witterungsbedingt die Seerosenbl\u00fcte angeboten.<br \/>\nInformationen finden Sie unter: \u00a0<a href=\"https:\/\/www.grachtenfahrt.de\" target=\"_blank\" rel=\"noopener\">Grachtenfahrt<\/a><\/p>\n<p>&nbsp;<\/p>\n<h3><img decoding=\"async\" class=\"size-medium wp-image-284 alignright\" src=\"http:\/\/ferienhaus-eiderdeich.com\/wp-content\/uploads\/2018\/11\/Tretboot-300x225.jpg\" alt=\"\" width=\"300\" height=\"225\" srcset=\"http:\/\/ferienhaus-eiderdeich.com\/wp-content\/uploads\/2018\/11\/Tretboot-300x225.jpg 300w, http:\/\/ferienhaus-eiderdeich.com\/wp-content\/uploads\/2018\/11\/Tretboot-768x576.jpg 768w, http:\/\/ferienhaus-eiderdeich.com\/wp-content\/uploads\/2018\/11\/Tretboot-1024x768.jpg 1024w, http:\/\/ferienhaus-eiderdeich.com\/wp-content\/uploads\/2018\/11\/Tretboot-1140x855.jpg 1140w, http:\/\/ferienhaus-eiderdeich.com\/wp-content\/uploads\/2018\/11\/Tretboot.jpg 1920w\" sizes=\"(max-width: 300px) 100vw, 300px\" \/><strong><em><span class=\"diyfeDecoration\">Kanus, Kajaks, Tretboote, Elektroboote, Angelboote, Motorboote<\/span><\/em><\/strong><\/h3>\n<p>Auf den Grachten mit dem eigenen Boot unterwegs sein &#8211; das geht auch ohne nautische Kenntnisse ganz einfach mit den Elektro- oder Tretbooten der Friedrichst\u00e4dter Verleiher. Zu beachten ist nur: die Gro\u00dfen haben immer Vorfahrt&#8230;!<\/p>\n<p>Hier gibt es z.B. f\u00fcr jeden Paddler das richtige Boot in der richtigen Gr\u00f6\u00dfe und Form: \u00a0<a href=\"https:\/\/www.kanu-kunterbunt.de\" target=\"_blank\" rel=\"noopener\">Bootsvermietung Kunterbunt<\/a><\/p>\n","protected":false},"excerpt":{"rendered":"<p>Grachtenfahrten Im Nahen Friedrichstadt werden Rundfahrten mit sachkundiger und humorvoller F\u00fchrung durch alle Grachten (Kan\u00e4le) der Stadt, beide H\u00e4fen, ein St\u00fcck die Treene sowie jahreszeit- und witterungsbedingt die Seerosenbl\u00fcte angeboten. Informationen finden Sie unter: \u00a0Grachtenfahrt &nbsp; Kanus, Kajaks, Tretboote, Elektroboote, Angelboote, Motorboote Auf den Grachten mit dem eigenen Boot unterwegs sein &#8211; das geht auch ohne nautische Kenntnisse ganz einfach mit den Elektro- oder Tretbooten der Friedrichst\u00e4dter Verleiher. Zu beachten ist nur: die Gro\u00dfen haben immer Vorfahrt&#8230;! Hier gibt es z.B. f\u00fcr jeden Paddler das richtige Boot in der richtigen Gr\u00f6\u00dfe und Form: \u00a0Bootsvermietung Kunterbunt<\/p>\n","protected":false},"author":1,"featured_media":0,"parent":46,"menu_order":4,"comment_status":"closed","ping_status":"closed","template":"","meta":{"footnotes":""},"class_list":["post-276","page","type-page","status-publish","hentry"],"_links":{"self":[{"href":"http:\/\/ferienhaus-eiderdeich.com\/index.php?rest_route=\/wp\/v2\/pages\/276","targetHints":{"allow":["GET"]}}],"collection":[{"href":"http:\/\/ferienhaus-eiderdeich.com\/index.php?rest_route=\/wp\/v2\/pages"}],"about":[{"href":"http:\/\/ferienhaus-eiderdeich.com\/index.php?rest_route=\/wp\/v2\/types\/page"}],"author":[{"embeddable":true,"href":"http:\/\/ferienhaus-eiderdeich.com\/index.php?rest_route=\/wp\/v2\/users\/1"}],"replies":[{"embeddable":true,"href":"http:\/\/ferienhaus-eiderdeich.com\/index.php?rest_route=%2Fwp%2Fv2%2Fcomments&post=276"}],"version-history":[{"count":9,"href":"http:\/\/ferienhaus-eiderdeich.com\/index.php?rest_route=\/wp\/v2\/pages\/276\/revisions"}],"predecessor-version":[{"id":313,"href":"http:\/\/ferienhaus-eiderdeich.com\/index.php?rest_route=\/wp\/v2\/pages\/276\/revisions\/313"}],"up":[{"embeddable":true,"href":"http:\/\/ferienhaus-eiderdeich.com\/index.php?rest_route=\/wp\/v2\/pages\/46"}],"wp:attachment":[{"href":"http:\/\/ferienhaus-eiderdeich.com\/index.php?rest_route=%2Fwp%2Fv2%2Fmedia&parent=276"}],"curies":[{"name":"wp","href":"https:\/\/api.w.org\/{rel}","templated":true}]}}